
What is the highest common factor of 21728 and 448?
224
What is the greatest common divisor of 184 and 3542?
46
What is the highest common divisor of 2842 and 98?
98
Calculate the greatest common factor of 598 and 138.
46
Calculate the highest common divisor of 36 and 2526.
6
Calculate the greatest common divisor of 8100 and 45.
45
What is the greatest common factor of 798 and 98?
14
What is the highest common factor of 121 and 20933?
121
What is the greatest common divisor of 1057 and 7?
7
Calculate the greatest common factor of 36116 and 4.
4
What is the greatest common factor of 330 and 528?
66
What is the highest common factor of 910 and 2100?
70
Calculate the highest common divisor of 1100 and 100.
100
What is the highest common divisor of 21 and 2961?
21
Calculate the greatest common factor of 594 and 264.
66
What is the greatest common divisor of 136 and 56?
8
Calculate the highest common divisor of 399 and 2451.
57
Calculate the highest common divisor of 72 and 3120.
24
Calculate the greatest common divisor of 247 and 57.
19
Calculate the highest common factor of 924 and 2352.
84
Calculate the highest common divisor of 27 and 4671.
27
What is the highest common divisor of 150 and 15?
15
Calculate the greatest common divisor of 255 and 3519.
51
What is the highest common divisor of 689 and 106?
53
Calculate the greatest common factor of 3870 and 172.
86
Calculate the greatest common factor of 10 and 11870.
10
What is the highest common divisor of 231 and 315?
21
Calculate the highest common divisor of 56129 and 41.
41
What is the highest common factor of 56 and 344?
8
Calculate the greatest common divisor of 12 and 9642.
6
What is the greatest common divisor of 18 and 282?
6
Calculate the greatest common divisor of 1 and 657.
1
What is the highest common divisor of 140 and 35?
35
Calculate the highest common divisor of 43 and 43.
43
Calculate the highest common factor of 3174 and 414.
138
What is the highest common divisor of 76 and 323?
19
Calculate the greatest common divisor of 14 and 173.
1
Calculate the highest common factor of 567 and 36.
9
Calculate the highest common factor of 230 and 1035.
115
What is the greatest common factor of 845 and 273?
13
What is the greatest common divisor of 924 and 21?
21
What is the greatest common divisor of 1083 and 2185?
19
What is the highest common divisor of 470 and 4?
2
Calculate the highest common divisor of 671 and 55.
11
Calculate the greatest common divisor of 14576 and 16.
16
What is the highest common divisor of 26 and 25558?
26
Calculate the greatest common factor of 15 and 12.
3
What is the highest common factor of 1575 and 63?
63
What is the highest common divisor of 1560 and 216?
24
What is the greatest common divisor of 2 and 3?
1
Calculate the greatest common factor of 12 and 1356.
12
Calculate the greatest common divisor of 142 and 25489.
71
Calculate the greatest common divisor of 111 and 9.
3
What is the highest common divisor of 893 and 470?
47
What is the highest common factor of 26 and 286?
26
Calculate the greatest common factor of 4313 and 152.
19
What is the greatest common factor of 57 and 969?
57
Calculate the highest common divisor of 765 and 1224.
153
What is the highest common divisor of 51 and 2669?
17
Calculate the highest common divisor of 13284 and 164.
164
Calculate the highest common factor of 36 and 408.
12
What is the highest common factor of 5552 and 32?
16
What is the highest common divisor of 507 and 52?
13
Calculate the greatest common divisor of 42 and 45822.
42
Calculate the highest common divisor of 253 and 230.
23
What is the highest common factor of 33 and 363?
33
Calculate the highest common divisor of 230 and 598.
46
Calculate the greatest common factor of 416 and 13.
13
Calculate the greatest common factor of 770 and 98.
14
Calculate the greatest common divisor of 27 and 45.
9
What is the greatest common factor of 465 and 3705?
15
What is the greatest common divisor of 190 and 1235?
95
Calculate the highest common factor of 78 and 1677.
39
Calculate the highest common divisor of 76 and 1843.
19
Calculate the highest common factor of 144 and 1584.
144
Calculate the highest common divisor of 68 and 340.
68
Calculate the greatest common divisor of 797 and 1.
1
What is the greatest common factor of 1457 and 155?
31
Calculate the highest common divisor of 572 and 220.
44
Calculate the greatest common divisor of 5170 and 220.
110
What is the highest common divisor of 55 and 5137?
11
Calculate the greatest common divisor of 836 and 121.
11
What is the greatest common divisor of 1425 and 228?
57
Calculate the greatest common factor of 2280 and 360.
120
Calculate the greatest common divisor of 420 and 15.
15
What is the greatest common divisor of 15 and 12?
3
What is the highest common divisor of 22 and 136?
2
Calculate the greatest common divisor of 96 and 288.
96
What is the highest common divisor of 4785 and 99?
33
Calculate the greatest common divisor of 80 and 52.
4
Calculate the highest common divisor of 544 and 736.
32
What is the highest common factor of 60 and 60?
60
Calculate the highest common factor of 117 and 364.
13
Calculate the highest common divisor of 20 and 118.
2
Calculate the greatest common divisor of 36684 and 72.
36
What is the highest common divisor of 19 and 475?
19
Calculate the greatest common divisor of 616 and 280.
56
Calculate the greatest common divisor of 459 and 1054.
17
What is the highest common divisor of 23 and 11707?
23
Calculate the greatest common divisor of 1404 and 36.
36
What is the highest common factor of 1002 and 12358?
334
Calculate the greatest common divisor of 5396 and 152.
76
What is the greatest common divisor of 1587 and 6?
3
What is the highest common factor of 6 and 7302?
6
What is the greatest common factor of 102 and 36?
6
Calculate the highest common divisor of 184 and 1242.
46
Calculate the highest common divisor of 100 and 2650.
50
Calculate the greatest common divisor of 19 and 513.
19
Calculate the highest common divisor of 26 and 1456.
26
What is the highest common factor of 11862 and 72?
18
What is the greatest common divisor of 36 and 27?
9
Calculate the highest common factor of 180 and 1020.
60
Calculate the highest common factor of 36 and 1464.
12
What is the greatest common factor of 1593 and 708?
177
What is the greatest common factor of 1141 and 2?
1
What is the highest common divisor of 1003 and 289?
17
Calculate the highest common divisor of 407 and 385.
11
What is the greatest common divisor of 12 and 1284?
12
What is the highest common factor of 650 and 520?
130
Calculate the highest common factor of 31014 and 18.
18
Calculate the highest common factor of 5 and 995.
5
What is the greatest common factor of 2048 and 32?
32
Calculate the highest common factor of 915 and 45.
15
What is the greatest common factor of 36 and 144?
36
Calculate the greatest common divisor of 4988 and 232.
116
What is the greatest common factor of 444 and 555?
111
What is the greatest common divisor of 20 and 1465?
5
What is the highest common factor of 8 and 5?
1
What is the highest common divisor of 675 and 27?
27
Calculate the greatest common divisor of 1081 and 46.
23
Calculate the greatest common divisor of 57 and 9.
3
What is the greatest common divisor of 63 and 9?
9
What is the greatest common divisor of 4763 and 11?
11
What is the greatest common divisor of 136 and 289?
17
What is the highest common factor of 210 and 21?
21
What is the greatest common divisor of 1078 and 99?
11
Calculate the greatest common factor of 756 and 7.
7
What is the highest common divisor of 9 and 7?
1
Calculate the highest common divisor of 88 and 1144.
88
What is the greatest common factor of 220 and 140?
20
Calculate the greatest common divisor of 256 and 460.
4
What is the greatest common factor of 19 and 3344?
19
Calculate the highest common factor of 123 and 3321.
123
What is the highest common factor of 60 and 6540?
60
What is the highest common divisor of 15548 and 156?
52
What is the highest common divisor of 2900 and 116?
116
Calculate the greatest common divisor of 148 and 3.
1
Calculate the greatest common divisor of 4818 and 66.
66
What is the highest common factor of 3224 and 312?
104
What is the greatest